{"id":66,"date":"2023-03-31T17:49:18","date_gmt":"2023-03-31T15:49:18","guid":{"rendered":"http:\/\/lapinap.cluster029.hosting.ovh.net\/?page_id=66"},"modified":"2025-08-31T10:28:22","modified_gmt":"2025-08-31T08:28:22","slug":"notre-histoire","status":"publish","type":"page","link":"https:\/\/archers-haguenau.fr\/index.php\/notre-histoire\/","title":{"rendered":"Notre Histoire"},"content":{"rendered":"\n<div class=\"wp-block-group alignwide has-global-padding is-layout-constrained wp-container-core-group-is-layout-a9c49bdc wp-block-group-is-layout-constrained css-1\" >\n<p><strong>1965<\/strong> Une compagnie d\u2019arc de Haguenau existait, sous section du tir \u00e0 la carabine Saint Georges dont Monsieur HOLMANN professeur au Lyc\u00e9e route de Strasbourg \u00e9tait le pr\u00e9sident. Les \u00e9l\u00e8ves au tir \u00e0 l\u2019arc s\u2019entrainaient le dimanche matin dans le cadre du foyer socio-\u00e9ducatif sur le terrain d\u2019entrainement qui se situait alors Route de Weitbruch.<\/p>\n\n\n\n<p><strong>1966<\/strong> Tir dans l\u2019ancienne carri\u00e8re de Kaolin du lyc\u00e9e Technique de Haguenau, Route de Strasbourg, avec les \u00e9l\u00e8ves internes du foyer socio-\u00e9ducatif (FSE).<\/p>\n\n\n\n<p><strong>1968<\/strong> Terrain avec chalet dans l\u2019enceinte du lyc\u00e9e technique.<\/p>\n\n\n\n<figure class=\"wp-block-image aligncenter size-full\"><img loading=\"lazy\" decoding=\"async\" width=\"524\" height=\"354\" src=\"http:\/\/lapinap.cluster029.hosting.ovh.net\/wp-content\/uploads\/2023\/03\/les-archers-du-debut.jpg\" alt=\"\" class=\"wp-image-67\" srcset=\"https:\/\/archers-haguenau.fr\/wp-content\/uploads\/2023\/03\/les-archers-du-debut.jpg 524w, https:\/\/archers-haguenau.fr\/wp-content\/uploads\/2023\/03\/les-archers-du-debut-300x203.jpg 300w\" sizes=\"auto, (max-width: 524px) 100vw, 524px\" \/><\/figure>\n\n\n\n<p>Au cours de l\u2019ann\u00e9e <strong>1970<\/strong>, 7 membres d\u00e9cident&nbsp;de cr\u00e9er l\u2019association des Archers de Haguenau&nbsp;avec G\u00e9rard FINET comme pr\u00e9sident.<\/p>\n\n\n\n<p><strong>1971 <\/strong>Cr\u00e9ation du club des Archers d\u2019Haguenau par plusieurs professeurs. G\u00e9rard Finet en est le premier pr\u00e9sident.<\/p>\n\n\n\n<p>Les premiers stages initiateurs sont organis\u00e9s au lyc\u00e9e de Haguenau avec passage de dipl\u00f4me.<\/p>\n\n\n\n<p>Le club est une association sportive (r\u00e9gie par la loi 1901) cr\u00e9\u00e9e en f\u00e9vrier 1972 par G\u00e9rard FINET, affili\u00e9e \u00e0 la FFTA (F\u00e9d\u00e9ration Fran\u00e7aise de Tir \u00e0 l\u2019Arc) sous la pr\u00e9sidence de Monsieur Fran\u00e7ois de Massary sous le N\u00b0 3167002. Il d\u00e9tient le label Argent depuis 2010.<\/p>\n\n\n\n<p>Le premier passage de dipl\u00f4me de moniteur est pass\u00e9 au Lyc\u00e9e sous la coupe du cadet instructeur national de l\u2019\u00e9poque.<\/p>\n\n\n<div class=\"wp-block-columns alignwide is-stacked-on-mobile is-layout-flex wp-container-core-columns-is-layout-28f84493 wp-block-columns-is-layout-flex\" data-columns=\"2\">\n<div class=\"wp-block-column is-layout-flow wp-block-column-is-layout-flow\" style=\"flex-basis:50%\">\n<figure class=\"wp-block-image aligncenter size-full\"><img loading=\"lazy\" decoding=\"async\" width=\"300\" height=\"215\" src=\"https:\/\/archers-haguenau.fr\/wp-content\/uploads\/2023\/03\/brevet-de-moniteur-Gerard-FINET-1-4-73-300x215-1.jpg\" alt=\"\" class=\"wp-image-68\"><\/figure>\n<\/div>\n\n\n\n<div class=\"wp-block-column is-layout-flow wp-block-column-is-layout-flow\" style=\"flex-basis:50%\">\n<figure class=\"wp-block-image aligncenter size-full\"><img loading=\"lazy\" decoding=\"async\" width=\"300\" height=\"215\" src=\"https:\/\/archers-haguenau.fr\/wp-content\/uploads\/2023\/03\/brevet-dinstructeur-Gerard-FINET-28-02-1976-300x215-1.jpg\" alt=\"\" class=\"wp-image-69\"><\/figure>\n<\/div>\n<\/div>\n\n\n\n<p><strong>1972<\/strong> Organisation du premier championnat f\u00e9d\u00e9ral de tir \u00e0 l\u2019arc sur le stade du lyc\u00e9e de Haguenau, puis tous les deux ans sur le Parc des Sports.<\/p>\n\n\n\n<figure class=\"wp-block-image aligncenter size-full\"><img loading=\"lazy\" decoding=\"async\" width=\"516\" height=\"325\" src=\"http:\/\/lapinap.cluster029.hosting.ovh.net\/wp-content\/uploads\/2023\/03\/terrain-dhonneur.jpg\" alt=\"\" class=\"wp-image-70\" srcset=\"https:\/\/archers-haguenau.fr\/wp-content\/uploads\/2023\/03\/terrain-dhonneur.jpg 516w, https:\/\/archers-haguenau.fr\/wp-content\/uploads\/2023\/03\/terrain-dhonneur-300x189.jpg 300w\" sizes=\"auto, (max-width: 516px) 100vw, 516px\" \/><\/figure>\n\n\n\n<p>Depuis cette date, 1972, G\u00e9rard n\u2019a de cesse d\u2019am\u00e9liorer le club : la recherche d\u2019un terrain, via celui des \u00c9tangs Fiat qui appartenait \u00e0 l\u2019association de p\u00eache et de pisciculture en est un parfait exemple. Il a su donner l\u2019impulsion qui fait de notre notre club ce qu&rsquo;il est maintenant,&nbsp;<strong>qu\u2019il en soit ici remerci\u00e9.<\/strong><\/p>\n\n\n\n<p>Eug\u00e8ne FREY rentre au club apr\u00e8s 1972 et prend aussit\u00f4t la place de tr\u00e9sorier.<\/p>\n\n\n\n<p><strong>1975 <\/strong>Utilisation du Gymnase du lyc\u00e9e pendant la p\u00e9riode d\u2019hiver.<\/p>\n\n\n\n<p><strong>1983 <\/strong>1\u00e8re Participation aux \u00e9t\u00e9s jeunes et tickets sports de Haguenau.<\/p>\n\n\n\n<p><strong>1986 <\/strong>Utilisation du Petit Man\u00e8ge \u00e0 Haguenau.<\/p>\n\n\n\n<p><strong>1993 \u00e0 1998<\/strong> Terrain d\u2019entrainement et de concours de tir nature et chasse \u00e0 Drachenbronn.<\/p>\n\n\n\n<p><strong>1995<\/strong> Construction du local d\u00e9p\u00f4t sur le terrain route de Schirrhein.<\/p>\n\n\n\n<p>C\u2019est gr\u00e2ce \u00e0 Patrick HOST et Pierre MESLET que le club a sign\u00e9 une convention pour le terrain \u00e0 DRACHENBRONN, puis gr\u00e2ce \u00e0 Emmanuel DOUAY que celle-ci a \u00e9t\u00e9 maintenue ENCORE quelques ann\u00e9es, quand le Colonel LAVIGNE a \u00e9t\u00e9 mut\u00e9 \u00e0 Paris.<\/p>\n\n\n\n<figure class=\"wp-block-image aligncenter size-full\"><img loading=\"lazy\" decoding=\"async\" width=\"1024\" height=\"576\" src=\"http:\/\/lapinap.cluster029.hosting.ovh.net\/wp-content\/uploads\/2023\/03\/inauguration-terrain-militaire-de-dracenbrohn-1024x576-1.jpg\" alt=\"\" class=\"wp-image-71\" srcset=\"https:\/\/archers-haguenau.fr\/wp-content\/uploads\/2023\/03\/inauguration-terrain-militaire-de-dracenbrohn-1024x576-1.jpg 1024w, https:\/\/archers-haguenau.fr\/wp-content\/uploads\/2023\/03\/inauguration-terrain-militaire-de-dracenbrohn-1024x576-1-300x169.jpg 300w, https:\/\/archers-haguenau.fr\/wp-content\/uploads\/2023\/03\/inauguration-terrain-militaire-de-dracenbrohn-1024x576-1-768x432.jpg 768w\" sizes=\"auto, (max-width: 1024px) 100vw, 1024px\" \/><\/figure>\n\n\n\n<p>Sur cette photo apparaissent, de gauche \u00e0 droite :<\/p>\n\n\n\n<p>1- Sylvie BAUDOIN \/ 2-  \/ 3- Claude DAUPHIN \/ 4- Guillaume RISCH \/ 5- Laurent MEYER \/ 6- Jacques ZILLIOX \/ 7- Le Colonel LAVIGNE \/ 8- Philippe BAUDOIN \/ 9- G\u00e9rard FINET \/ 10- Patrick HOST \/ 11- Marie-Astrid HOST \/ 12- Charles DOLLINGER \/ 13- Nelly BAUDOIN \/ 14- Dominique PAULUS \/ 15- Pierre LAVIGNE (fils du Colonel) \/ 16-  \/ 17- Jean Marie STREBLER (ou STEBLER) \/ 18- Jessica \/ 19- Herv\u00e9 LAULE \/ 20- \/ 21- G\u00e9rard IDOINE \/ 22-<\/p>\n\n\n\n<p>Quelques personnes restent encore \u00e0 identifier, cela sera fait prochainement. Tout les membres ont \u00e9t\u00e9s identifi\u00e9s par Philippe BAUDOIN.<\/p>\n\n\n\n<p>Entre <strong>1998<\/strong> et <strong>2004<\/strong>, utilisation d\u2019un parcours pour les concours 3D en for\u00eat de Haguenau le long de la D263.<\/p>\n\n\n\n<p><strong>2004 <\/strong>En raison de la r\u00e9fection du th\u00e9\u00e2tre de Haguenau\u00a0et son report sur la salle du Petit Man\u00e8ge, nous avons tir\u00e9 au lyc\u00e9e Heinrich<\/p>\n\n\n\n<p><strong>2010<\/strong> R\u00e9ception du label ARGENT.<\/p>\n\n\n\n<p><strong><strong>2019 <\/strong><\/strong>Cl\u00f4ture du terrain route de Schirrhein.<\/p>\n\n\n\n<p>Les pr\u00e9sidents successifs ont \u00e9t\u00e9&nbsp;:<\/p>\n\n\n\n<ul class=\"wp-block-list is-layout-flex wp-container-core-list-is-layout-fe9cc265 wp-block-list-is-layout-flex\">\n<li>G\u00e9rard FINET 1972 \u2013 1987<\/li>\n\n\n\n<li>Eug\u00e8ne FREY 1987 \u2013 1988<\/li>\n\n\n\n<li>Philippe BAUDOIN 1988 \u2013 2000<\/li>\n\n\n\n<li>Gilbert GEYER 2000 &#8211; 2020<\/li>\n\n\n\n<li>Yves ARNOLD 2020 &#8211; 2023<\/li>\n\n\n\n<li>S\u00e9bastien Roser depuis le 24 mars 2023<\/li>\n<\/ul>\n<\/div>\n\n\n\n<p><\/p>\n","protected":false},"excerpt":{"rendered":"<p>1965 Une compagnie d\u2019arc de Haguenau existait, sous section du tir \u00e0 la carabine Saint Georges dont Monsieur HOLMANN professeur [&hellip;]<\/p>\n","protected":false},"author":1,"featured_media":0,"parent":0,"menu_order":0,"comment_status":"closed","ping_status":"closed","template":"","meta":{"footnotes":""},"class_list":{"0":"post-66","1":"page","2":"type-page","3":"status-publish","5":"entry"},"_links":{"self":[{"href":"https:\/\/archers-haguenau.fr\/index.php\/wp-json\/wp\/v2\/pages\/66","targetHints":{"allow":["GET"]}}],"collection":[{"href":"https:\/\/archers-haguenau.fr\/index.php\/wp-json\/wp\/v2\/pages"}],"about":[{"href":"https:\/\/archers-haguenau.fr\/index.php\/wp-json\/wp\/v2\/types\/page"}],"author":[{"embeddable":true,"href":"https:\/\/archers-haguenau.fr\/index.php\/wp-json\/wp\/v2\/users\/1"}],"replies":[{"embeddable":true,"href":"https:\/\/archers-haguenau.fr\/index.php\/wp-json\/wp\/v2\/comments?post=66"}],"version-history":[{"count":12,"href":"https:\/\/archers-haguenau.fr\/index.php\/wp-json\/wp\/v2\/pages\/66\/revisions"}],"predecessor-version":[{"id":3688,"href":"https:\/\/archers-haguenau.fr\/index.php\/wp-json\/wp\/v2\/pages\/66\/revisions\/3688"}],"wp:attachment":[{"href":"https:\/\/archers-haguenau.fr\/index.php\/wp-json\/wp\/v2\/media?parent=66"}],"curies":[{"name":"wp","href":"https:\/\/api.w.org\/{rel}","templated":true}]}}